{"id":11,"date":"2025-08-28T12:06:42","date_gmt":"2025-08-28T10:06:42","guid":{"rendered":"https:\/\/nowystart.inkubator.org.pl\/?page_id=11"},"modified":"2025-09-02T11:01:51","modified_gmt":"2025-09-02T09:01:51","slug":"informacje-o-projekcie","status":"publish","type":"page","link":"http:\/\/nowystart.inkubator.org.pl\/index.php\/informacje-o-projekcie\/","title":{"rendered":"INFORMACJE O PROJEKCIE"},"content":{"rendered":"\n<p>Projekt <strong>\u201eNowy start\u201d<\/strong> jest realizowany przez Fundacj\u0119 Inkubator w \u0141odzi na podstawie umowy o dofinansowanie realizacji projektu podpisanej z Urz\u0119dem Marsza\u0142kowskim w&nbsp;\u0141odzi.<\/p>\n\n\n\n<p><strong><u>Dzia\u0142ania prowadzone w ramach projektu:<\/u><\/strong><\/p>\n\n\n\n<ul class=\"wp-block-list\">\n<li>Opracowanie Indywidualnej Planu Dzia\u0142ania (IPD) \u2013 spotkanie z doradc\u0105 zawodowym<br>(4 h\/osob\u0119)<\/li>\n\n\n\n<li>Indywidualne poradnictwo psychologiczne \u2013 \u0142\u0105cznie 30 godzin dla wszystkich Uczestnik\u00f3w<\/li>\n<\/ul>\n\n\n\n<ul class=\"wp-block-list\">\n<li>Szkolenia, kursy i egzaminy zawodowe dostosowane do predyspozycji Uczestnik\u00f3w<br>i zapotrzebowania rynku pracy zako\u0144czone uzyskaniem kwalifikacji zawodowych \u2013 dla 20 os\u00f3b;<\/li>\n\n\n\n<li>Stypendium szkoleniowe, zwrot koszt\u00f3w dojazdu na kurs\/szkolenie, zwrot koszt\u00f3w opieki nad dzieckiem dla os\u00f3b rozpoczynaj\u0105cych kurs\/szkolenie w ramach projektu;<\/li>\n\n\n\n<li>P\u0142atne sta\u017ce zawodowe trwaj\u0105ce 6 m-cy\/osob\u0119 \u2013 dla 12 os\u00f3b;<\/li>\n\n\n\n<li>Subsydiowanie zatrudnienia przez 6 lub 12 m-cy \u2013 dla 32 os\u00f3b;<\/li>\n\n\n\n<li>Po\u015brednictwo pracy \u2013 dla 50 os\u00f3b.<\/li>\n<\/ul>\n\n\n\n<p><strong><u>Grupa docelowa:<\/u><\/strong><\/p>\n\n\n\n<p>Osoby fizyczne <strong>zwolnione w okresie nie d\u0142u\u017cszym ni\u017c 6 m-cy przed dniem przyst\u0105pienia do projektu, przewidziane do zwolnienia lub zagro\u017cone zwolnieniem z pracy z przyczyn dot. zak\u0142adu pracy, ucz\u0105cych si\u0119\/pracuj\u0105cych lub zamieszkuj\u0105cych (zgodnie z art. 25 KC) na terenie woj. \u0142\u00f3dzkiego.<\/strong><\/p>\n\n\n\n<p><br><strong>Projekt zak\u0142ada preferencje udzia\u0142u dla:<\/strong><\/p>\n\n\n\n<ul class=\"wp-block-list\">\n<li>Kobiet<\/li>\n\n\n\n<li>Os\u00f3b z niepe\u0142nosprawno\u015bciami<\/li>\n\n\n\n<li>Os\u00f3b poni\u017cej 24 roku \u017cycia<\/li>\n\n\n\n<li>Os\u00f3b powy\u017cej 50 roku \u017cycia<\/li>\n\n\n\n<li>Os\u00f3b zwolnionych \/ na wypowiedzeniu umowy o prac\u0119<\/li>\n<\/ul>\n\n\n\n<p><strong><u>Cel g\u0142\u00f3wny projektu<\/u><\/strong> to poprawa adaptacyjno\u015bci 50 os\u00f3b (27 K i 23 M) z terenu woj. \u0142\u00f3dzkiego, kt\u00f3re utraci\u0142y prac\u0119 w okresie nie d\u0142u\u017cszym ni\u017c 6 m-cy przed przyst\u0105pieniem do projektu lub zagro\u017conych zwolnieniem lub przewidzianych do zwolnienia z przyczyn dotycz\u0105cych zak\u0142adu pracy w okresie 01.09.2025-31.05.2027r.<\/p>\n\n\n\n<p><strong><u>Rezultaty projektu:<\/u><\/strong><\/p>\n\n\n\n<p>\u2022 Liczba os\u00f3b obj\u0119tych wsparciem z zakresu outplacementu \u2013 50 os\u00f3b (27 kobiet i 23 m\u0119\u017cczyzn),<\/p>\n\n\n\n<p>\u2022 Liczba os\u00f3b kt\u00f3re w wyniku realizacji wsparcia z zakresu outplacementu\/poprawy \u015brodowiska pracy podj\u0119\u0142y prac\u0119 lub kontynuowa\u0142y zatrudnienie 40 os\u00f3b (22 kobiety, 18 m\u0119\u017cczyzn)<\/p>\n\n\n\n<p>Realizacja za\u0142o\u017conych wska\u017anik\u00f3w przyczyni si\u0119 do realizacji cel\u00f3w Programu Regionalnego Fundusze Europejskie dla \u0141\u00f3dzkiego 2021-2027, w szczeg\u00f3lno\u015bci celu szczeg\u00f3\u0142owego EFS+: CP4.D \u2013 Wspieranie dostosowania pracownik\u00f3w, przedsi\u0119biorstw i przedsi\u0119biorc\u00f3w do zmian (\u2026) poprzez dostosowanie do indywidualnych potrzeb Uczestnik\u00f3w\/ek wsparcie pomagaj\u0105ce w utrzymaniu si\u0119 na rynku pracy.<\/p>\n\n\n\n<p><strong>Ca\u0142kowity koszt projektu:<\/strong> 2&nbsp;084&nbsp;078,59 z\u0142<\/p>\n\n\n\n<p><strong>Wysoko\u015b\u0107 wk\u0142adu Funduszy Europejskich:<\/strong> 1&nbsp;875&nbsp;398,59 z\u0142<\/p>\n\n\n\n<p class=\"has-text-align-center\"><a href=\"https:\/\/www.facebook.com\/hashtag\/funduszeue\"><strong>#FunduszeUE                        <\/strong><\/a><a href=\"https:\/\/www.facebook.com\/hashtag\/funduszeue\"><strong>#FunduszeEuropejskie<\/strong><\/a><\/p>\n\n\n\n<p><\/p>\n","protected":false},"excerpt":{"rendered":"<p>Projekt \u201eNowy start\u201d jest realizowany przez Fundacj\u0119 Inkubator w \u0141odzi na podstawie umowy o dofinansowanie realizacji projektu podpisanej z Urz\u0119dem Marsza\u0142kowskim w&nbsp;\u0141odzi. Dzia\u0142ania prowadzone w ramach projektu: Grupa docelowa: Osoby&hellip;<\/p>\n","protected":false},"author":1,"featured_media":0,"parent":0,"menu_order":0,"comment_status":"closed","ping_status":"closed","template":"","meta":{"footnotes":""},"class_list":["post-11","page","type-page","status-publish","hentry"],"_links":{"self":[{"href":"http:\/\/nowystart.inkubator.org.pl\/index.php\/wp-json\/wp\/v2\/pages\/11","targetHints":{"allow":["GET"]}}],"collection":[{"href":"http:\/\/nowystart.inkubator.org.pl\/index.php\/wp-json\/wp\/v2\/pages"}],"about":[{"href":"http:\/\/nowystart.inkubator.org.pl\/index.php\/wp-json\/wp\/v2\/types\/page"}],"author":[{"embeddable":true,"href":"http:\/\/nowystart.inkubator.org.pl\/index.php\/wp-json\/wp\/v2\/users\/1"}],"replies":[{"embeddable":true,"href":"http:\/\/nowystart.inkubator.org.pl\/index.php\/wp-json\/wp\/v2\/comments?post=11"}],"version-history":[{"count":3,"href":"http:\/\/nowystart.inkubator.org.pl\/index.php\/wp-json\/wp\/v2\/pages\/11\/revisions"}],"predecessor-version":[{"id":39,"href":"http:\/\/nowystart.inkubator.org.pl\/index.php\/wp-json\/wp\/v2\/pages\/11\/revisions\/39"}],"wp:attachment":[{"href":"http:\/\/nowystart.inkubator.org.pl\/index.php\/wp-json\/wp\/v2\/media?parent=11"}],"curies":[{"name":"wp","href":"https:\/\/api.w.org\/{rel}","templated":true}]}}